{"id":22,"date":"2023-03-24T17:33:06","date_gmt":"2023-03-24T17:33:06","guid":{"rendered":"https:\/\/belmotor.es\/?page_id=22"},"modified":"2023-04-06T09:48:44","modified_gmt":"2023-04-06T09:48:44","slug":"contacto","status":"publish","type":"page","link":"https:\/\/belmotor.es\/?page_id=22","title":{"rendered":"CONTACTO"},"content":{"rendered":"<div id='av_section_1'  class='avia-section av-9ouy-a6ddb20ae8465a01566cd1d00d283c7f main_color avia-section-default avia-no-border-styling  avia-builder-el-0  el_before_av_section  avia-builder-el-first  avia-bg-style-scroll container_wrap fullsize'  ><div class='container av-section-cont-open' ><main  role=\"main\" itemprop=\"mainContentOfPage\"  class='template-page content  av-content-full alpha units'><div class='post-entry post-entry-type-page post-entry-22'><div class='entry-content-wrapper clearfix'>\n\n<style type=\"text\/css\" data-created_by=\"avia_inline_auto\" id=\"style-css-av-20nwu-855f4957add0375259c91b03b8aba26a\">\n.flex_column.av-20nwu-855f4957add0375259c91b03b8aba26a{\nborder-radius:0px 0px 0px 0px;\npadding:0px 0px 0px 0px;\n}\n<\/style>\n<div  class='flex_column av-20nwu-855f4957add0375259c91b03b8aba26a av_one_third  avia-builder-el-1  el_before_av_one_third  avia-builder-el-first  first flex_column_div av-zero-column-padding  '     ><\/div>\n<style type=\"text\/css\" data-created_by=\"avia_inline_auto\" id=\"style-css-av-luq-c706398e3a9b85b0b192b5c2f5ba42e5\">\n.flex_column.av-luq-c706398e3a9b85b0b192b5c2f5ba42e5{\nborder-radius:0px 0px 0px 0px;\npadding:0px 0px 0px 0px;\n}\n<\/style>\n<div  class='flex_column av-luq-c706398e3a9b85b0b192b5c2f5ba42e5 av_one_third  avia-builder-el-2  el_after_av_one_third  el_before_av_one_third  flex_column_div av-zero-column-padding  '     ><p>\n<style type=\"text\/css\" data-created_by=\"avia_inline_auto\" id=\"style-css-av-lfmtgij6-8c04647c19e48e7c9ffab57b80d67908\">\n#top .av-special-heading.av-lfmtgij6-8c04647c19e48e7c9ffab57b80d67908{\npadding-bottom:10px;\n}\nbody .av-special-heading.av-lfmtgij6-8c04647c19e48e7c9ffab57b80d67908 .av-special-heading-tag .heading-char{\nfont-size:25px;\n}\n.av-special-heading.av-lfmtgij6-8c04647c19e48e7c9ffab57b80d67908 .av-subheading{\nfont-size:15px;\n}\n<\/style>\n<div  class='av-special-heading av-lfmtgij6-8c04647c19e48e7c9ffab57b80d67908 av-special-heading-h3 blockquote modern-quote modern-centered  avia-builder-el-3  el_before_av_hr  avia-builder-el-first '><h3 class='av-special-heading-tag '  itemprop=\"headline\"  >CONTACTO<\/h3><div class=\"special-heading-border\"><div class=\"special-heading-inner-border\"><\/div><\/div><\/div><br \/>\n<div  class='hr av-ok76-834322e3b93a4e1de4aeeb32c81b08e0 hr-short  avia-builder-el-4  el_after_av_heading  el_before_av_textblock  hr-center'><span class='hr-inner '><span class=\"hr-inner-style\"><\/span><\/span><\/div><br \/>\n<section  class='av_textblock_section av-lfmtj7rc-59fec35977a28fec1a1589730f91ce89 '   itemscope=\"itemscope\" itemtype=\"https:\/\/schema.org\/CreativeWork\" ><div class='avia_textblock'  itemprop=\"text\" ><h4 style=\"text-align: center;\">972 025 592<\/h4>\n<h4 style=\"text-align: center;\">info@belmotors.es<\/h4>\n<h4 style=\"text-align: center;\">Carrer Fransesc Camb\u00f3, 32<\/h4>\n<h4 style=\"text-align: center;\">17840 Sarri\u00e0 de Ter<\/h4>\n<\/div><\/section><\/p><\/div>\n<style type=\"text\/css\" data-created_by=\"avia_inline_auto\" id=\"style-css-av-ru96-d7db5cbe895b4a76454b1a6a3e85c0e9\">\n.flex_column.av-ru96-d7db5cbe895b4a76454b1a6a3e85c0e9{\nborder-radius:0px 0px 0px 0px;\npadding:0px 0px 0px 0px;\n}\n<\/style>\n<div  class='flex_column av-ru96-d7db5cbe895b4a76454b1a6a3e85c0e9 av_one_third  avia-builder-el-6  el_after_av_one_third  el_before_av_hr  flex_column_div av-zero-column-padding  '     ><\/div>\n<style type=\"text\/css\" data-created_by=\"avia_inline_auto\" id=\"style-css-av-lfmuk1wo-4a3e21acf13dffae2e01954bc597b1d7\">\n#top .hr.hr-invisible.av-lfmuk1wo-4a3e21acf13dffae2e01954bc597b1d7{\nheight:50px;\n}\n<\/style>\n<div  class='hr av-lfmuk1wo-4a3e21acf13dffae2e01954bc597b1d7 hr-invisible  avia-builder-el-7  el_after_av_one_third  avia-builder-el-last '><span class='hr-inner '><span class=\"hr-inner-style\"><\/span><\/span><\/div>\n\n<\/div><\/div><\/main><!-- close content main element --><\/div><\/div><div id='av_section_2'  class='avia-section av-av_section-46ce1733c35ae24b9d75b0cc88a8631c main_color avia-section-default avia-no-border-styling  avia-builder-el-8  el_after_av_section  avia-builder-el-last  avia-bg-style-scroll container_wrap fullsize'  ><div class='container av-section-cont-open' ><div class='template-page content  av-content-full alpha units'><div class='post-entry post-entry-type-page post-entry-22'><div class='entry-content-wrapper clearfix'>\n\n<style type=\"text\/css\" data-created_by=\"avia_inline_auto\" id=\"style-css-av-av_one_third-53b0b300fb3685750664fb085c5ad19d\">\n.flex_column.av-av_one_third-53b0b300fb3685750664fb085c5ad19d{\nborder-radius:0px 0px 0px 0px;\npadding:0px 0px 0px 0px;\n}\n<\/style>\n<div  class='flex_column av-av_one_third-53b0b300fb3685750664fb085c5ad19d av_one_third  avia-builder-el-9  el_before_av_one_third  avia-builder-el-first  first flex_column_div av-zero-column-padding  '     ><\/div>\n<style type=\"text\/css\" data-created_by=\"avia_inline_auto\" id=\"style-css-av-av_one_third-7984035d50f0055e2d8c0f71fa3ebd04\">\n.flex_column.av-av_one_third-7984035d50f0055e2d8c0f71fa3ebd04{\nborder-radius:0px 0px 0px 0px;\npadding:0px 0px 0px 0px;\n}\n<\/style>\n<div  class='flex_column av-av_one_third-7984035d50f0055e2d8c0f71fa3ebd04 av_one_third  avia-builder-el-10  el_after_av_one_third  el_before_av_one_third  flex_column_div av-zero-column-padding  '     ><form action=\"https:\/\/belmotor.es\/?page_id=22\" method=\"post\" data-fields-with-error=\"Found errors in the following field(s):\" class=\"avia_ajax_form av-form-labels-hidden   avia-builder-el-11  avia-builder-el-no-sibling  av-custom-form-color av-dark-form \" data-avia-form-id=\"1\" data-avia-redirect='' ><h3 class=''>Cont\u00e1ctanos<\/h3><fieldset><p class='  first_form  form_element form_fullwidth' id='element_avia_1_1'><label for=\"avia_1_1\">Nombre <abbr class=\"required\" title=\"requerido\">*<\/abbr><\/label> <input name=\"avia_1_1\" class=\"text_input is_empty\" type=\"text\" id=\"avia_1_1\" value=\"\"  placeholder='Nombre*'\/><\/p><p class='  first_form  form_element form_fullwidth' id='element_avia_2_1'><label for=\"avia_2_1\">Correo electr\u00f3nico <abbr class=\"required\" title=\"requerido\">*<\/abbr><\/label> <input name=\"avia_2_1\" class=\"text_input is_email\" type=\"text\" id=\"avia_2_1\" value=\"\"  placeholder='Correo electr\u00f3nico*'\/><\/p><p class='  first_form  form_element form_fullwidth' id='element_avia_3_1'><label for=\"avia_3_1\">Asunto <abbr class=\"required\" title=\"requerido\">*<\/abbr><\/label> <input name=\"avia_3_1\" class=\"text_input is_empty\" type=\"text\" id=\"avia_3_1\" value=\"\"  placeholder='Asunto*'\/><\/p><p class='  first_form  form_element form_fullwidth' id='element_avia_4_1'><label for=\"avia_4_1\" class=\"textare_label hidden textare_label_avia_4_1\">Mensaje <abbr class=\"required\" title=\"requerido\">*<\/abbr><\/label><textarea  placeholder='Mensaje*' name=\"avia_4_1\" class=\"text_area is_empty\" cols=\"40\" rows=\"7\" id=\"avia_4_1\" ><\/textarea><\/p><p class=\"hidden\"><input type=\"text\" name=\"avia_5_1\" class=\"hidden \" id=\"avia_5_1\" value=\"\" \/><\/p><p class='   form_element form_fullwidth av-last-visible-form-element' id='element_avia_6_1'><span class='value_verifier_label'>1 + 1 = ?<\/span><input name=\"avia_6_1_verifier\" type=\"hidden\" id=\"avia_6_1_verifier\" value=\"773422864\"\/><label for=\"avia_6_1\">Para mayor seguridad, responde la siguiente pregunta <abbr class=\"required\" title=\"requerido\">*<\/abbr><\/label><input name=\"avia_6_1\" class=\"text_input captcha\" type=\"text\" id=\"avia_6_1\" value=\"\"\/><\/p><p class=' av_form_privacy_check av_contact_privacy_check first_form  form_element form_fullwidth' id='element_avia_7_1'><input  name=\"avia_7_1\" class=\"input_checkbox is_empty\" type=\"checkbox\" id=\"avia_7_1\" value=\"true\"\/><label class=\"input_checkbox_label\" for=\"avia_7_1\">Informaci\u00f3n b\u00e1sica sobre el tratamiento de datos (LO 3\/2018 y Reglamento (UE) 2016\/679 ]RGPD])\n\nResponsable del tratamiento: BELMOTORS SERVICE SL\n\nFinalidad: Ofrecer y gestionar nuestros servicios y productos a clientes finales.\n\nDerechos: Puede ejercer los derechos previstos en los art\u00edculos 15 a 22 del RGPD, que se recogen en nuestra pol\u00edtica de privacidad. <abbr class=\"required\" title=\"requerido\">*<\/abbr><\/label><\/p><p class=\"form_element \"><input type=\"hidden\" value=\"1\" name=\"avia_generated_form1\" \/><input type=\"submit\" value=\"Enviar\" class=\"button\"  data-sending-label=\"Enviando\"\/><\/p><\/fieldset><\/form><div id=\"ajaxresponse_1\" class=\"ajaxresponse ajaxresponse_1 hidden\"><\/div><\/div>\n<style type=\"text\/css\" data-created_by=\"avia_inline_auto\" id=\"style-css-av-av_one_third-7984035d50f0055e2d8c0f71fa3ebd04\">\n.flex_column.av-av_one_third-7984035d50f0055e2d8c0f71fa3ebd04{\nborder-radius:0px 0px 0px 0px;\npadding:0px 0px 0px 0px;\n}\n<\/style>\n<div  class='flex_column av-av_one_third-7984035d50f0055e2d8c0f71fa3ebd04 av_one_third  avia-builder-el-12  el_after_av_one_third  avia-builder-el-last  flex_column_div av-zero-column-padding  '     ><\/div>\n","protected":false},"excerpt":{"rendered":"","protected":false},"author":2,"featured_media":0,"parent":0,"menu_order":0,"comment_status":"closed","ping_status":"closed","template":"","meta":{"footnotes":""},"class_list":["post-22","page","type-page","status-publish","hentry"],"yoast_head":"<!-- This site is optimized with the Yoast SEO plugin v27.4 - https:\/\/yoast.com\/product\/yoast-seo-wordpress\/ -->\n<title>CONTACTO - Belmotor<\/title>\n<meta name=\"description\" content=\"Belmotor - CONTACTO - Aqu\u00ed pod\u00e9is ver d\u00f3nde encontrarnos y como contactar con nosotros. - 972 025 592 - info@belmotors.es - Sarri\u00e0 de Ter\" \/>\n<meta name=\"robots\" content=\"index, follow, max-snippet:-1, max-image-preview:large, max-video-preview:-1\" \/>\n<link rel=\"canonical\" href=\"https:\/\/belmotor.es\/?page_id=22\" \/>\n<meta property=\"og:locale\" content=\"es_ES\" \/>\n<meta property=\"og:type\" content=\"article\" \/>\n<meta property=\"og:title\" content=\"CONTACTO - Belmotor\" \/>\n<meta property=\"og:description\" content=\"Belmotor - CONTACTO - Aqu\u00ed pod\u00e9is ver d\u00f3nde encontrarnos y como contactar con nosotros. - 972 025 592 - info@belmotors.es - Sarri\u00e0 de Ter\" \/>\n<meta property=\"og:url\" content=\"https:\/\/belmotor.es\/?page_id=22\" \/>\n<meta property=\"og:site_name\" content=\"Belmotor\" \/>\n<meta property=\"article:modified_time\" content=\"2023-04-06T09:48:44+00:00\" \/>\n<meta name=\"twitter:card\" content=\"summary_large_image\" \/>\n<meta name=\"twitter:label1\" content=\"Tiempo de lectura\" \/>\n\t<meta name=\"twitter:data1\" content=\"3 minutos\" \/>\n<script type=\"application\/ld+json\" class=\"yoast-schema-graph\">{\"@context\":\"https:\\\/\\\/schema.org\",\"@graph\":[{\"@type\":\"WebPage\",\"@id\":\"https:\\\/\\\/belmotor.es\\\/?page_id=22\",\"url\":\"https:\\\/\\\/belmotor.es\\\/?page_id=22\",\"name\":\"CONTACTO - Belmotor\",\"isPartOf\":{\"@id\":\"https:\\\/\\\/belmotor.es\\\/#website\"},\"datePublished\":\"2023-03-24T17:33:06+00:00\",\"dateModified\":\"2023-04-06T09:48:44+00:00\",\"description\":\"Belmotor - CONTACTO - Aqu\u00ed pod\u00e9is ver d\u00f3nde encontrarnos y como contactar con nosotros. - 972 025 592 - info@belmotors.es - Sarri\u00e0 de Ter\",\"breadcrumb\":{\"@id\":\"https:\\\/\\\/belmotor.es\\\/?page_id=22#breadcrumb\"},\"inLanguage\":\"es\",\"potentialAction\":[{\"@type\":\"ReadAction\",\"target\":[\"https:\\\/\\\/belmotor.es\\\/?page_id=22\"]}]},{\"@type\":\"BreadcrumbList\",\"@id\":\"https:\\\/\\\/belmotor.es\\\/?page_id=22#breadcrumb\",\"itemListElement\":[{\"@type\":\"ListItem\",\"position\":1,\"name\":\"Portada\",\"item\":\"https:\\\/\\\/belmotor.es\\\/?page_id=14\"},{\"@type\":\"ListItem\",\"position\":2,\"name\":\"CONTACTO\"}]},{\"@type\":\"WebSite\",\"@id\":\"https:\\\/\\\/belmotor.es\\\/#website\",\"url\":\"https:\\\/\\\/belmotor.es\\\/\",\"name\":\"Belmotor\",\"description\":\"\",\"potentialAction\":[{\"@type\":\"SearchAction\",\"target\":{\"@type\":\"EntryPoint\",\"urlTemplate\":\"https:\\\/\\\/belmotor.es\\\/?s={search_term_string}\"},\"query-input\":{\"@type\":\"PropertyValueSpecification\",\"valueRequired\":true,\"valueName\":\"search_term_string\"}}],\"inLanguage\":\"es\"}]}<\/script>\n<!-- \/ Yoast SEO plugin. -->","yoast_head_json":{"title":"CONTACTO - Belmotor","description":"Belmotor - CONTACTO - Aqu\u00ed pod\u00e9is ver d\u00f3nde encontrarnos y como contactar con nosotros. - 972 025 592 - info@belmotors.es - Sarri\u00e0 de Ter","robots":{"index":"index","follow":"follow","max-snippet":"max-snippet:-1","max-image-preview":"max-image-preview:large","max-video-preview":"max-video-preview:-1"},"canonical":"https:\/\/belmotor.es\/?page_id=22","og_locale":"es_ES","og_type":"article","og_title":"CONTACTO - Belmotor","og_description":"Belmotor - CONTACTO - Aqu\u00ed pod\u00e9is ver d\u00f3nde encontrarnos y como contactar con nosotros. - 972 025 592 - info@belmotors.es - Sarri\u00e0 de Ter","og_url":"https:\/\/belmotor.es\/?page_id=22","og_site_name":"Belmotor","article_modified_time":"2023-04-06T09:48:44+00:00","twitter_card":"summary_large_image","twitter_misc":{"Tiempo de lectura":"3 minutos"},"schema":{"@context":"https:\/\/schema.org","@graph":[{"@type":"WebPage","@id":"https:\/\/belmotor.es\/?page_id=22","url":"https:\/\/belmotor.es\/?page_id=22","name":"CONTACTO - Belmotor","isPartOf":{"@id":"https:\/\/belmotor.es\/#website"},"datePublished":"2023-03-24T17:33:06+00:00","dateModified":"2023-04-06T09:48:44+00:00","description":"Belmotor - CONTACTO - Aqu\u00ed pod\u00e9is ver d\u00f3nde encontrarnos y como contactar con nosotros. - 972 025 592 - info@belmotors.es - Sarri\u00e0 de Ter","breadcrumb":{"@id":"https:\/\/belmotor.es\/?page_id=22#breadcrumb"},"inLanguage":"es","potentialAction":[{"@type":"ReadAction","target":["https:\/\/belmotor.es\/?page_id=22"]}]},{"@type":"BreadcrumbList","@id":"https:\/\/belmotor.es\/?page_id=22#breadcrumb","itemListElement":[{"@type":"ListItem","position":1,"name":"Portada","item":"https:\/\/belmotor.es\/?page_id=14"},{"@type":"ListItem","position":2,"name":"CONTACTO"}]},{"@type":"WebSite","@id":"https:\/\/belmotor.es\/#website","url":"https:\/\/belmotor.es\/","name":"Belmotor","description":"","potentialAction":[{"@type":"SearchAction","target":{"@type":"EntryPoint","urlTemplate":"https:\/\/belmotor.es\/?s={search_term_string}"},"query-input":{"@type":"PropertyValueSpecification","valueRequired":true,"valueName":"search_term_string"}}],"inLanguage":"es"}]}},"jetpack_sharing_enabled":true,"_links":{"self":[{"href":"https:\/\/belmotor.es\/index.php?rest_route=\/wp\/v2\/pages\/22","targetHints":{"allow":["GET"]}}],"collection":[{"href":"https:\/\/belmotor.es\/index.php?rest_route=\/wp\/v2\/pages"}],"about":[{"href":"https:\/\/belmotor.es\/index.php?rest_route=\/wp\/v2\/types\/page"}],"author":[{"embeddable":true,"href":"https:\/\/belmotor.es\/index.php?rest_route=\/wp\/v2\/users\/2"}],"replies":[{"embeddable":true,"href":"https:\/\/belmotor.es\/index.php?rest_route=%2Fwp%2Fv2%2Fcomments&post=22"}],"version-history":[{"count":4,"href":"https:\/\/belmotor.es\/index.php?rest_route=\/wp\/v2\/pages\/22\/revisions"}],"predecessor-version":[{"id":55,"href":"https:\/\/belmotor.es\/index.php?rest_route=\/wp\/v2\/pages\/22\/revisions\/55"}],"wp:attachment":[{"href":"https:\/\/belmotor.es\/index.php?rest_route=%2Fwp%2Fv2%2Fmedia&parent=22"}],"curies":[{"name":"wp","href":"https:\/\/api.w.org\/{rel}","templated":true}]}}